se 0*p - 2*p = -y + 8398, 0 = 4*y - 3*p - 33607. Let s = y - 4745. Is s a prime number?
True
Suppose 254533 - 5308 = 3*g. Is ((-56)/40)/((-5)/g - 0) a composite number?
True
Suppose 4*b = 2*b - 10602. Suppose 4*l - 44 = -92. Is (-5)/(-4) + b/l a prime number?
True
Let s be -2 - (-1 + -4 + (29 - 30)). Suppose -s*d + b - 13492 = -9*d, -4*d = -2*b - 10802. Is d a composite number?
False
Let c = 55456 + -36289. Suppose 2*h - 5*h = -c. Is h a composite number?
False
Suppose -13*y = 12976 + 548884. Is (59 + y)/(6/(-2)) a prime number?
True
Let s be (-6 - 28/21)/(1/(-447)). Let o = 7267 - s. Is o prime?
True
Suppose -5*s - 10886 = -4*u, 5*s - 7390 = -5*u + 6195. Is u a prime number?
True
Let l(j) = 86*j**3 + 4*j**2 - 3*j + 1. Let h be l(2). Suppose -21*x + 18526 = -2306. Let r = x - h. Is r a composite number?
False
Suppose 5*u + 3*t - t - 1535 = 0, -5*t + 614 = 2*u. Is u prime?
True
Suppose 4*j = 4*r + 3 + 9, 4*j + 4*r - 4 = 0. Suppose j*x - 6 - 14 = -5*v, -65 = -5*x - 5*v. Is x prime?
False
Let r(j) = 93*j**2 + 11*j - 10. Let l be r(-5). Let h = 833 + l. Is h a prime number?
False
Let h(b) = 56 - 38 + 7*b + 12*b - 58. Let n = 29 - 6. Is h(n) prime?
True
Let o be -6*-3*1/(-2). Let j be (-1 - o)*10/4. Suppose 0 = j*g - 23*g + 237. Is g a prime number?
True
Let t = 314 - 230. Is 28/t + (-69592)/(-6) a composite number?
True
Let i = 118832 + -62883. Is i a composite number?
False
Let q = 30 - 25. Suppose 0 = -q*h - h + 24. Suppose h*l = -k + 520, 0 = -5*l - k - 3*k + 639. Is l a composite number?
False
Is 254546/4 - (3/(-9))/((-10)/75) a prime number?
False
Let a be 7814/(87*(-6)/2160 - 6/(-16)). Let j(o) = -o**3 + 4*o**2 + 6*o - 6. Let q be j(4). Suppose -3*d - a = -q*d. Is d prime?
True
Suppose 2*f = 5*g + 72, 20*f - 22*f - 3*g + 72 = 0. Suppose f*q - 32*q - 3916 = 0. Is q a composite number?
True
Suppose 5*y + 3 = -17. Is (54378/102 - y) + (-4)/34 a prime number?
False
Let t(s) = s**2 - 6*s + 18. Let a be t(6). Suppose a*w - 22*w + 652 = 0. Suppose -5*c + 2*j = 18 - w, -c + 51 = 4*j. Is c a composite number?
False
Suppose 9*y = 22 + 14. Suppose 0 = -4*v - 2*o + 40038, y*o - 50055 = v - 6*v. Is v composite?
False
Let a(t) = t**3 - 11*t**2 + 31*t - 30. Let h(p) = 2*p**3 - 17*p**2 + 46*p - 45. Let l(r) = 7*a(r) - 5*h(r). Is l(-8) prime?
False
Let w = 93 + 2538. Is w a composite number?
True
Let j(g) = 987*g**2 - 29*g - 97. Is j(-24) a composite number?
False
Let s = 11513 + -3250. Is s a composite number?
False
Suppose 0 = -6*c - 9991 + 56503. Let d = -4304 + c. Suppose 0 = 11*w - 7*w - d. Is w a prime number?
False
Suppose 4*p + 3*o - 4779 = 0, 3*p - 1188 = 2*p - 3*o. Let m be (61/(-5) + 9)*160. Let n = m + p. Is n a prime number?
False
Suppose 28397 + 34165 = 3*l. Is l prime?
False
Suppose 0 = -2*q + s + 173123, 8*s - 5 = 13*s. Is q a prime number?
True
Suppose -5*u = -5*v + 116815, v + u = 5595 + 17756. Is v prime?
True
Suppose 6*f - 31*f = -2640175. Is f composite?
False
Is ((-888690)/(-35))/1 - (34/(-7) - -5) a prime number?
True
Let t = 315095 - 159657. Is t a prime number?
False
Let b(h) = -h**3 - h**2 + 2*h - 34419. Let n be b(0). Let a = 2134 - n. Is a a composite number?
True
Suppose 4*b = -4, -t + 20 = -3*b - 2. Suppose t*k = 7*k + 67212. Is k composite?
True
Suppose -m - 1758 = p - 5012, -p = 3. Let t = m - 1494. Suppose 2*d = 3*d + s - 892, 0 = -2*d + 5*s + t. Is d a composite number?
True
Suppose -16*j = -19*j - 4*o + 4678994, 32 = 4*o. Is j prime?
False
Suppose 4*d = -4*v + 116009 + 42083, 5*d + 197575 = 5*v. Is -5*(0 + v/(-45)) prime?
True
Suppose 2*c - 452 = -3*i, -408 - 196 = -4*i - 4*c. Suppose 163*o - 25493 = i*o. Is o a composite number?
True
Let u = -2 + 4. Let i = 2225 + -612. Suppose -2*m = 2*w - 1072, 2*w - u*m + i = 5*w. Is w prime?
True
Let r(o) = 4*o**3 - 10*o**2 - 7*o + 6. Let n be r(9). Let b = n + -668. Is b a composite number?
False
Let i(y) = y**2 + 8*y + 11. Let o be i(8). Let p = o + -302. Let w = -6 - p. Is w a composite number?
False
Suppose 2*b - 8 = -0*g - 2*g, 0 = -2*g - 3*b + 8. Suppose 2*d = -k + 1289, -g*d = -4*k + 3*k - 2593. Suppose 189 = 4*t - d. Is t a prime number?
False
Let j(g) = 88*g**2 - 9*g - 3. Let p be j(9). Suppose -p = 5*z - 11*z. Let f = -633 + z. Is f composite?
False
Let k(y) = -y**2 + 79. Let t be k(-10). Is 4 + (5 - (-670)/(-3)*t) composite?
True
Suppose -3*i + 32 = m, 5*i = 4*m + 2*i - 113. Let a = 37 - m. Suppose -1646 = -4*n + 5*j, -a = 2*j + 2*j. Is n a prime number?
True
Let v(j) = -4*j - 6*j**2 - 20 + 9*j + j**3 + 8*j - j**2. Is v(29) a prime number?
True
Let b be 17 - 1*3/((-12)/(-4)). Let x be (-2*12/b - -2)*226. Let q = x + 344. Is q prime?
True
Suppose 0 = 3*a - 12, -3*u + 0*u - 2*a - 10 = 0. Let z be (3 + -12 + 6)/(u/4). Suppose 2*o - 967 = -3*o - 3*l, -z*o + l = -378. Is o prime?
True
Is 120410 + -204 - 1*-17 a prime number?
True
Let h = -730519 - -1283950. Is h composite?
True
Let l(h) = -h**3 - 4*h**2 + h + 12. Let n be l(-2). Suppose 3*y = -n*r + 21374, 2372 = 3*r - 2*y - 29689. Is r a composite number?
False
Let p(y) = 11057*y**2 - 75*y - 109. Is p(-6) a composite number?
False
Let n(l) be the first derivative of 41*l**3/3 + 41*l**2/2 + 25*l + 40. Is n(12) a prime number?
True
Suppose x - 50*x = -97761223. Is x prime?
False
Suppose 0 = -o + 7*n - 4*n - 13, -5*o = 4*n - 30. Suppose -2*y = -0*y - 5*i - 4981, -5*y = o*i - 12525. Is y a prime number?
True
Let s = 607 - 608. Is (s + -3)*((-510405)/(-28))/(-15) a composite number?
False
Suppose -195*j + 197*j - 5084 = 0. Let h = j + -1248. Is h composite?
True
Suppose -26*x = -25*x - 3*a - 390926, -2*x + 781812 = 2*a. Is x a composite number?
True
Is 209451/22 - 15 - (-2)/(-4) a prime number?
False
Suppose 80*j - 178*j + 803028 = -86*j. Is j composite?
False
Let v(a) be the first derivative of a**3 + 25*a**2/2 - 33*a - 40. Is v(-13) a prime number?
True
Let f be (-7798)/(-21) - (-1)/(-3). Let j = 380 + f. Is j composite?
False
Suppose -6*x + 2*z + 32666 = -x, 0 = -4*z - 12. Suppose -3*w - c = -x, -w - 5*c = -7*c - 2189. Is w prime?
True
Let p = 317 - 649. Let x(f) = 59*f**2 + 2*f + 4. Let q be x(3). Let d = p + q. Is d a composite number?
True
Suppose -3*h + 45 = -30. Suppose -17*w + 12*w = -h. Suppose -43 = -w*g + 6762. Is g a prime number?
True
Let p(u) = 1724*u - 341. Is p(42) composite?
True
Suppose -t = 16 - 24. Let a(j) be the third derivative of 8*j**5/15 - 7*j**4/12 + 25*j**3/6 - 7*j**2. Is a(t) composite?
True
Is (-930938)/(512/(-224) - 4/(-14)) prime?
True
Let f be 42*(2/(-4))/(-1). Let l be 217890/63 + 9/f. Let p = l + 328. Is p prime?
False
Let m(r) = 354 - 218*r + 349 - 770. Is m(-6) a composite number?
True
Let w = -696 - -1288. Let o = w + -19. Suppose 0 = -3*m - 0*m + o. Is m a composite number?
False
Suppose -8*m + 15*m = 0. Suppose m = y - 2320 - 183. Is y a prime number?
True
Let j(k) = -k**2 - 11*k - 50. Let r be j(-9). Let o = r - -39. Is (-133188)/(-154) - ((-15)/o + 2) a composite number?
True
Let j be (36/(-7))/((-6)/1218). Let v = j + -330. Let b = -391 + v. Is b composite?
True
Suppose -86*p + 57 = -67*p. Let m be (-1)/(-2)*16/2. Suppose -p*a - c = -496 - 612, -5*c - 1509 = -m*a. Is a composite?
True
Let i(w) = 276*w**2 - 1765*w + 96. Is i(-41) prime?
False
Let l(x) = 2654*x - 1823. Is l(89) a prime number?
True
Let h be (-2)/(-2)*(-10)/(-10). Suppose -2 + h = -a. Let u(w) = 395*w**2 + 3*w - 1. Is u(a) composite?
False
Let h(t) = 244*t**2 + 207*t + 83. Is h(36) composite?
False
Suppose 1918 = 5*b - 267. Let f be 100/3*((-45)/(-10) + 3). Let d = b - f. Is d a prime number?
False
Let r(d) = d**2. Let n be r(1). Is 2578 + 6 - 1/n*3 a prime number?
False
Suppose -265 = i + 503. Let p = -421 - i. Suppose 49*v = 48*v + p. Is v composite?
False
Let d(z) = -11*z**3 - 15*z**2 + 11*z - 28. Let p be d(-7). Let c = 8742 - p. Is c a prime number?
False
Let g(j) = -94*j**3 - j - 1. Let y be g(2). Is (3/2)/((-21)/(-42)) - y a composite number?
True
Suppose -u + 19618 = 4*p - 29763, -5*p + 247010 = 5*u. Is u prime?
True
Let o be (-19)/76 - 16850/(-8). Suppose 0 = 4*l + p + o, -40 = l + 5*p + 477. Let u = l - -844. Is u a prime number?
True
Let k = 1 - -1. Let c be ((-16)/6)/(-12 + (-96)/(-9)). Suppose 2*l - k*f = -4*f + 120, 0 = c*l - 4*f - 108. Is l prime?
False
Let i = 323 - 322. Let k(a) = 668*a**2 + 5*a. Is k(i) 